41 is divided by 260?
241
Calculate the remainder when 2774 is divided by 456.
38
What is the remainder when 6322 is divided by 10?
2
What is the remainder when 4725 is divided by 31?
13
What is the remainder when 3205 is divided by 236?
137
What is the remainder when 10375 is divided by 2564?
119
What is the remainder when 51880 is divided by 368?
360
Calculate the remainder when 112509 is divided by 37.
29
What is the remainder when 1921 is divided by 462?
73
What is the remainder when 862 is divided by 226?
184
What is the remainder when 3020 is divided by 24?
20
Calculate the remainder when 6034 is divided by 194.
20
What is the remainder when 70581 is divided by 1440?
21
Calculate the remainder when 58053 is divided by 3870.
3
What is the remainder when 116338 is divided by 28?
26
Calculate the remainder when 82962 is divided by 162.
18
What is the remainder when 3052 is divided by 3046?
6
Calculate the remainder when 25334 is divided by 26.
10
What is the remainder when 7224 is divided by 900?
24
What is the remainder when 567 is divided by 15?
12
Calculate the remainder when 158309 is divided by 429.
8
Calculate the remainder when 12586 is divided by 4183.
37
Calculate the remainder when 8874 is divided by 1466.
78
Calculate the remainder when 4776803 is divided by 36.
35
What is the remainder when 122856 is divided by 2457?
6
Calculate the remainder when 3772781 is divided by 232.
229
What is the remainder when 213204 is divided by 302?
294
Calculate the remainder when 7407 is divided by 1499.
1411
What is the remainder when 760749 is divided by 17?
16
Calculate the remainder when 11960 is divided by 193.
187
What is the remainder when 15912 is divided by 80?
72
What is the remainder when 49418 is divided by 24575?
268
What is the remainder when 1161711 is divided by 24?
15
Calculate the remainder when 11367 is divided by 495.
477
Calculate the remainder when 3425758 is divided by 135.
133
What is the remainder when 964 is divided by 80?
4
Calculate the remainder when 412877 is divided by 520.
517
Calculate the remainder when 345395 is divided by 68.
23
Calculate the remainder when 1234 is divided by 24.
10
What is the remainder when 6117 is divided by 46?
45
Calculate the remainder when 402 is divided by 143.
116
Calculate the remainder when 59838 is divided by 110.
108
Calculate the remainder when 4514 is divided by 582.
440
What is the remainder when 535015 is divided by 89160?
55
What is the remainder when 1266184 is divided by 73?
72
What is the remainder when 262819 is divided by 131403?
13
Calculate the remainder when 594 is divided by 309.
285
Calculate the remainder when 2417 is divided by 2124.
293
Calculate the remainder when 446252 is divided by 56.
44
Calculate the remainder when 59679 is divided by 203.
200
Calculate the remainder when 59684 is divided by 94.
88
What is the remainder when 807 is divided by 234?
105
What is the remainder when 91759 is divided by 80?
79
What is the remainder when 23869 is divided by 22?
21
What is the remainder when 886786 is divided by 28?
26
Calculate the remainder when 60261 is divided by 753.
21
Calculate the remainder when 15652 is divided by 189.
154
What is the remainder when 10209 is divided by 2288?
1057
Calculate the remainder when 917468 is divided by 497.
6
Calculate the remainder when 326 is divided by 173.
153
Calculate the remainder when 15392 is divided by 56.
48
Calculate the remainder when 30326 is divided by 138.
104
What is the remainder when 1907 is divided by 37?
20
Calculate the remainder when 154083 is divided by 95.
88
What is the remainder when 4867 is divided by 1581?
124
Calculate the remainder when 65 is divided by 24.
17
Calculate the remainder when 239574 is divided by 3927.
27
Calculate the remainder when 8167 is divided by 2072.
1951
What is the remainder when 69284 is divided by 1117?
30
Calculate the remainder when 23302 is divided by 58.
44
What is the remainder when 20789 is divided by 27?
26
Calculate the remainder when 33152 is divided by 234.
158
What is the remainder when 6066 is divided by 1031?
911
Calculate the remainder when 2130 is divided by 48.
18
What is the remainder when 6993 is divided by 107?
38
What is the remainder when 5519 is divided by 790?
779
Calculate the remainder when 302973 is divided by 16.
13
What is the remainder when 453 is divided by 433?
20
What is the remainder when 319982 is divided by 45710?
12
What is the remainder when 7269 is divided by 273?
171
Calculate the remainder when 9319 is divided by 176.
167
Calculate the remainder when 317534 is divided by 13.
9
What is the remainder when 1894 is divided by 210?
4
What is the remainder when 2797 is divided by 824?
325
What is the remainder when 45723 is divided by 4143?
150
What is the remainder when 281806 is divided by 78?
70
What is the remainder when 141233 is divided by 527?
524
Calculate the remainder when 4544 is divided by 84.
8
Calculate the remainder when 3408 is divided by 266.
216
Calculate the remainder when 35463 is divided by 26.
25
What is the remainder when 1185 is divided by 910?
275
What is the remainder when 13083 is divided by 1967?
1281
What is the remainder when 13073 is divided by 6510?
53
What is the remainder when 874067 is divided by 6199?
8
What is the remainder when 2729 is divided by 384?
41
Calculate the remainder when 236459 is divided by 78807.
38
Calculate the remainder when 16791 is divided by 146.
1
What is the remainder when 17111 is divided by 907?
785
Calculate the remainder when 3820 is divided by 681.
415
Calculate the remainder when 33166 is divided by 55.
1
Calculate the remainder when 10867 is divided by 145.
137
Calculate the remainder when 863323 is divided by 9.
7
What is the remainder when 24674 is divided by 8220?
14
What is the remainder when 72305 is divided by 6?
5
Calculate the remainder when 6655 is divided by 811.
167
What is the remainder when 23131 is divided by 6?
1
What is the remainder when 9518 is divided by 9437?
81
Calculate the remainder when 111188 is divided by 36.
20
What is the remainder when 7299 is divided by 2084?
1047
What is the remainder when 61576 is divided by 43?
0
Calculate the remainder when 298068 is divided by 99356.
0
Calculate the remainder when 3404707 is divided by 202.
199
Calculate the remainder when 1920 is divided by 744.
432
What is the remainder when 33006 is divided by 130?
116
What is the remainder when 4236 is divided by 225?
186
What is the remainder when 1313 is divided by 1309?
4
What is the remainder when 164091 is divided by 123?
9
What is the remainder when 62034 is divided by 132?
126
What is the remainder when 49414 is divided by 363?
46
Calculate the remainder when 280989 is divided by 43.
27
Calculate the remainder when 14978 is divided by 927.
146
Calculate the remainder when 105123 is divided by 3391.
2
What is the remainder when 15287 is divided by 254?
47
What is the remainder when 36474 is divided by 74?
66
What is the remainder when 11391 is divided by 5659?
73
Calculate the remainder when 6657658 is divided by 108.
106
Calculate the remainder when 29252 is divided by 8.
4
What is the remainder when 1625996 is divided by 377?
372
What is the remainder when 49693 is divided by 251?
246
Calculate the remainder when 2969 is divided by 1000.
969
What is the remainder when 1312 is divided by 899?
413
Calculate the remainder when 990 is divided by 90.
0
Calculate the remainder when 633834 is divided by 50.
34
What is the remainder when 9766 is divided by 657?
568
What is the remainder when 36360 is divided by 391?
388
Calculate the remainder when 8318 is divided by 756.
2
Calculate the remainder when 2988 is divided by 279.
198
Calculate the remainder when 30942 is divided by 1.
0
Calculate the remainder when 443617 is divided by 57.
43
What is the remainder when 8957 is divided by 40?
37
Calculate the remainder when 7752 is divided by 71.
13
What is the remainder when 186094 is divided by 51?
46
What is the remainder when 5454 is divided by 2084?
1286
Calculate the remainder when 47051 is divided by 201.
17
What is the remainder when 703 is divided by 183?
154
What is the remainder when 44115 is divided by 8822?
5
Calculate the remainder when 8999 is divided by 44